{"id":2,"date":"2024-12-01T11:49:38","date_gmt":"2024-12-01T11:49:38","guid":{"rendered":"https:\/\/romeddiagnoser.dk\/?page_id=2"},"modified":"2025-05-07T13:55:49","modified_gmt":"2025-05-07T12:55:49","slug":"faglighed","status":"publish","type":"page","link":"https:\/\/romeddiagnoser.dk\/index.php\/faglighed\/","title":{"rendered":"Om klinikken"},"content":{"rendered":"\n<p class=\"has-text-align-center has-system-font-family has-normal-font-size\" style=\"font-style:normal;font-weight:400\">Klinikken ejes af Rikke Olsen. Rikke er uddannet psykolog i 2014 og har siden opbygget en bred faglig viden samt stor praktisk erfaring inden for p\u00e6dagogisk psykologi, klinisk psykologi, psykopatologi, supervision samt afholdelse af kurser\/undervisning. <\/p>\n\n\n\n<p class=\"has-text-align-center has-normal-font-size\">Agnethe Elkj\u00e6r er uddannet sygeplejerske med specialuddannelse i psykiatri. Agnethe har arbejdet med akut psykiatri igennem mange \u00e5r og bl.a. v\u00e6ret med til at udvikle Danmarks f\u00f8rste klinik for voksne med ADHD. Agnethe har s\u00e5ledes bred erfaring med udredning og behandling af diverse psykiatriske diagnoser. Senest har Agnethe udviklet og varetaget specialiserede forl\u00f8b for voksne med ADHD og\/eller Autisme, samt v\u00e6ret medforfatter p\u00e5 flere forskningsartikler. <\/p>\n\n\n\n<p class=\"has-text-align-center has-normal-font-size\">I klinikken er der bred faglig viden og solid praktisk erfaring med mennesker med ADHD, autisme, angst, depression, lavt selvv\u00e6rd og personlighedsforstyrrelser. Der er ligeledes stor erfaring med h\u00e5ndtering af livskriser\/omv\u00e6ltninger, belastningsreaktioner, udfordringer vedr\u00f8rende f\u00f8lelsesregulering og sociale udfordringer. Vi har herudover kendskab til de medicinske behandlinger, samt erfaring med foredrag og supervision til skoler, institutioner, for\u00e6ldregrupper og arbejdspladser.<\/p>\n\n\n\n<p class=\"has-text-align-center has-system-font-family has-normal-font-size\" style=\"font-style:normal;font-weight:400\">I klinikken anskues diagnoser som en forst\u00e5else af udfordringer. Diagnoser er derved med til at m\u00e5lrette behandling, men fort\u00e6ller ikke ret meget om det hele menneske. I klinikken har vi fokus p\u00e5 det hele menneske i behandlingen, forst\u00e5elsen og tilgangen.<\/p>\n\n\n\n<p class=\"has-text-align-center has-system-font-family has-normal-font-size\" style=\"font-style:normal;font-weight:400\">Der arbejdes ud fra en neurop\u00e6dagogisk og eklektisk tilgang med inddragelse af elementer fra 3. b\u00f8lge kognitiv adf\u00e6rdsterapi, systemteoretisk tilgang og psykodynamisk forst\u00e5else. Alle behandlingsforl\u00f8b i klinikken tilpasses det enkelte menneske og\/eller den enkelte gruppe af mennesker.<\/p>\n\n\n\n<p class=\"has-text-align-center has-system-font-family has-normal-font-size\" style=\"font-style:normal;font-weight:400\">Der er i klinikken en grundholdning om, at erkendelse, h\u00e5ndtering af udfordringer, tilegnelse af nye strategier, tro p\u00e5 sig selv og indsigt opn\u00e5s bedst i et trygt milj\u00f8. Du skal derfor aldrig v\u00e6re i tvivl om, at vi ALTID er p\u00e5 dit hold og v\u00e6gter et samarbejde med dig h\u00f8jt &#8211; og vi vil g\u00e5 langt for at tilpasse, s\u00e5 forl\u00f8bet i klinikken giver mening og er brugbart for dig i dit levede liv.<\/p>\n\n\n\n<p class=\"has-text-align-center has-system-font-family has-normal-font-size\" style=\"font-style:normal;font-weight:400\"><\/p>\n\n\n\n<p class=\"has-text-align-center has-system-font-family has-normal-font-size\" style=\"font-style:normal;font-weight:400\"><\/p>\n\n\n\n<p><\/p>\n\n\n\n<p><\/p>\n\n\n\n<p><\/p>\n\n\n\n<p class=\"has-normal-font-size\" style=\"text-decoration:none;text-transform:none\"><\/p>\n\n\n\n<p><\/p>\n","protected":false},"excerpt":{"rendered":"<p>Klinikken ejes af Rikke Olsen. Rikke er uddannet psykolog i 2014 og har siden opbygget en bred faglig viden samt stor praktisk erfaring inden for p\u00e6dagogisk psykologi, klinisk psykologi, psykopatologi, supervision samt afholdelse af kurser\/undervisning. Agnethe Elkj\u00e6r er uddannet sygeplejerske med specialuddannelse i psykiatri. Agnethe har arbejdet med akut psykiatri igennem mange \u00e5r og bl.a. [&hellip;]<\/p>\n","protected":false},"author":1,"featured_media":58,"parent":0,"menu_order":0,"comment_status":"closed","ping_status":"open","template":"","meta":{"footnotes":""},"class_list":["post-2","page","type-page","status-publish","has-post-thumbnail","hentry"],"_links":{"self":[{"href":"https:\/\/romeddiagnoser.dk\/index.php\/wp-json\/wp\/v2\/pages\/2","targetHints":{"allow":["GET"]}}],"collection":[{"href":"https:\/\/romeddiagnoser.dk\/index.php\/wp-json\/wp\/v2\/pages"}],"about":[{"href":"https:\/\/romeddiagnoser.dk\/index.php\/wp-json\/wp\/v2\/types\/page"}],"author":[{"embeddable":true,"href":"https:\/\/romeddiagnoser.dk\/index.php\/wp-json\/wp\/v2\/users\/1"}],"replies":[{"embeddable":true,"href":"https:\/\/romeddiagnoser.dk\/index.php\/wp-json\/wp\/v2\/comments?post=2"}],"version-history":[{"count":9,"href":"https:\/\/romeddiagnoser.dk\/index.php\/wp-json\/wp\/v2\/pages\/2\/revisions"}],"predecessor-version":[{"id":111,"href":"https:\/\/romeddiagnoser.dk\/index.php\/wp-json\/wp\/v2\/pages\/2\/revisions\/111"}],"wp:featuredmedia":[{"embeddable":true,"href":"https:\/\/romeddiagnoser.dk\/index.php\/wp-json\/wp\/v2\/media\/58"}],"wp:attachment":[{"href":"https:\/\/romeddiagnoser.dk\/index.php\/wp-json\/wp\/v2\/media?parent=2"}],"curies":[{"name":"wp","href":"https:\/\/api.w.org\/{rel}","templated":true}]}}