{"id":21,"date":"2024-12-16T09:40:11","date_gmt":"2024-12-16T09:40:11","guid":{"rendered":"https:\/\/romeddiagnoser.dk\/?page_id=21"},"modified":"2025-10-09T11:16:06","modified_gmt":"2025-10-09T10:16:06","slug":"priser","status":"publish","type":"page","link":"https:\/\/romeddiagnoser.dk\/index.php\/priser\/","title":{"rendered":"Priser"},"content":{"rendered":"\n<p><strong>NB. Der opkr\u00e6ves fuld betaling ved afbud mindre end 24 timer f\u00f8r aftalen samt ved udeblivelse uden afbud. Afbud meldes skriftligt pr. mail eller SMS. <\/strong><\/p>\n\n\n\n<p>Du bedes selv unders\u00f8ge dine muligheder for evt. \u00f8konomisk st\u00f8tte til betaling, f.eks. gennem sundhedsforsikring, fagforening, kommune eller sygesikring Danmark (sidstn\u00e6vnte kun aktuelt ifm. psykologbehandling). Dette skal du i s\u00e5 fald afklare <strong>f\u00f8r <\/strong>opstarten af et forl\u00f8b. <\/p>\n\n\n\n<figure class=\"wp-block-table\"><table class=\"has-fixed-layout\"><tbody><tr><td><\/td><td><strong>Pris<\/strong><\/td><\/tr><tr><td>Afklaringssamtale (60 minutter)<\/td><td>1500 kr<\/td><\/tr><tr><td>Efterf\u00f8lgende sessioner (\u00e1 50 minutter)<\/td><td>1000 kr<\/td><\/tr><tr><td><\/td><td><\/td><\/tr><tr><td><strong>Individuelle forl\u00f8b:<\/strong><\/td><td><\/td><\/tr><tr><td>Pakke 1<br>1 individuel afklaringssamtale+5 individuelle sessioner<\/td><td>5500 kr<\/td><\/tr><tr><td>Pakke 2<br>1 individuel afklaringssamtale+12 individuelle sessioner<\/td><td>11.500 kr<\/td><\/tr><tr><td><\/td><td><\/td><\/tr><tr><td><strong>Gruppe undervisningsforl\u00f8b:<\/strong><\/td><td><\/td><\/tr><tr><td>Pakke 3<br>Voksne med ADHD (MAX 6 deltagere)<br>1 individuel afklaringssamtale (1 times varighed) + 5 sessioner (\u00e1 2 timers varighed pr. gang inkl. 15 minutters pause midtvejs)<\/td><td>3500 kr per deltager<\/td><\/tr><tr><td>Pakke 4<br>Unge mellem 14 og 17 \u00e5r med ADHD (MAX 6 deltagere)<br>1 individuel afklaringssamtale (\u00e1 1 times varighed) + 5 sessioner (\u00e1 2 timers varighed pr. gang inkl. 15 minutters pause undervejs)<\/td><td>3500 kr per deltager<\/td><\/tr><tr><td>Pakke 5<br>Undervisningsforl\u00f8b m\u00e5lrettet for\u00e6ldre til barn med ADHD (max 5 for\u00e6ldrepar; 10 personer)<br>1 individuel afklaringssamtale pr. for\u00e6ldrepar (1 times varighed) + 5 sessioner (\u00e1 2 timers varighed pr. gang inkl. 15 minutters pause midtvejs)<\/td><td>4000 kr<br>(prisen er g\u00e6ldende uanset om \u00e9n eller begge for\u00e6ldre til et givent barn\/ung med ADHD deltager. &nbsp;Stedfor\u00e6lder kan deltage i frav\u00e6r af en biologisk for\u00e6lder uden ekstra beregning)<\/td><\/tr><tr><td>Pakke 6<br>Undervisningsforl\u00f8b m\u00e5lrettet for\u00e6ldre til barn med Autisme (max 5 for\u00e6ldrepar; alts\u00e5 10 personer)<br>1 individuel afklaringssamtale pr. for\u00e6ldrepar (1 times varighed) + 5 sessioner (\u00e1 2 timers varighed pr. gang inkl. 15 minutters pause midtvejs)<\/td><td>4000 kr<br>(prisen er g\u00e6ldende uanset om \u00e9n eller begge for\u00e6ldre til et givent barn\/ung med Autisme deltager.&nbsp; Stedfor\u00e6lder kan deltage i frav\u00e6r af en biologisk for\u00e6lder uden ekstra beregning).<\/td><\/tr><tr><td><\/td><td><\/td><\/tr><tr><td><strong>Andet<\/strong><\/td><td><\/td><\/tr><tr><td>Hjemmebes\u00f8g, supervision og vejledning<\/td><td>Aftales ud fra konkret foresp\u00f8rgsel<\/td><\/tr><tr><td>Kurser, supervisionsforl\u00f8b og opl\u00e6g til firmaer, fagprofessionelle, foreninger, skoler mv.<\/td><td>Aftales ud fra konkret foresp\u00f8rgsel<\/td><\/tr><tr><td>Screening for ADHD og\/eller autisme<\/td><td>Aftales ud fra konkret foresp\u00f8rgsel.<br>NB. Der kan udelukkende tilbydes en screening og ikke en endelig diagnosticering. Der kan IKKE iv\u00e6rks\u00e6ttes evt. medicinsk behandling af nogen art.<\/td><\/tr><\/tbody><\/table><\/figure>\n","protected":false},"excerpt":{"rendered":"<p>NB. Der opkr\u00e6ves fuld betaling ved afbud mindre end 24 timer f\u00f8r aftalen samt ved udeblivelse uden afbud. Afbud meldes skriftligt pr. mail eller SMS. Du bedes selv unders\u00f8ge dine muligheder for evt. \u00f8konomisk st\u00f8tte til betaling, f.eks. gennem sundhedsforsikring, fagforening, kommune eller sygesikring Danmark (sidstn\u00e6vnte kun aktuelt ifm. psykologbehandling). Dette skal du i s\u00e5 [&hellip;]<\/p>\n","protected":false},"author":1,"featured_media":60,"parent":0,"menu_order":0,"comment_status":"closed","ping_status":"closed","template":"","meta":{"footnotes":""},"class_list":["post-21","page","type-page","status-publish","has-post-thumbnail","hentry"],"_links":{"self":[{"href":"https:\/\/romeddiagnoser.dk\/index.php\/wp-json\/wp\/v2\/pages\/21","targetHints":{"allow":["GET"]}}],"collection":[{"href":"https:\/\/romeddiagnoser.dk\/index.php\/wp-json\/wp\/v2\/pages"}],"about":[{"href":"https:\/\/romeddiagnoser.dk\/index.php\/wp-json\/wp\/v2\/types\/page"}],"author":[{"embeddable":true,"href":"https:\/\/romeddiagnoser.dk\/index.php\/wp-json\/wp\/v2\/users\/1"}],"replies":[{"embeddable":true,"href":"https:\/\/romeddiagnoser.dk\/index.php\/wp-json\/wp\/v2\/comments?post=21"}],"version-history":[{"count":5,"href":"https:\/\/romeddiagnoser.dk\/index.php\/wp-json\/wp\/v2\/pages\/21\/revisions"}],"predecessor-version":[{"id":117,"href":"https:\/\/romeddiagnoser.dk\/index.php\/wp-json\/wp\/v2\/pages\/21\/revisions\/117"}],"wp:featuredmedia":[{"embeddable":true,"href":"https:\/\/romeddiagnoser.dk\/index.php\/wp-json\/wp\/v2\/media\/60"}],"wp:attachment":[{"href":"https:\/\/romeddiagnoser.dk\/index.php\/wp-json\/wp\/v2\/media?parent=21"}],"curies":[{"name":"wp","href":"https:\/\/api.w.org\/{rel}","templated":true}]}}